divided by t?
10
Calculate the remainder when 1746 is divided by (-12)/(-60) - (-18 + 22 - 738/10).
66
Suppose -42 = -u - 2*l, -l - 132 = -3*u - 5*l. Let p = u - -170. Calculate the remainder when p is divided by 20.
18
Calculate the remainder when -4*4/88 - 383655/(-165) is divided by 179.
177
Let q be -2 - (3374/(-10) + (-9)/15). Let i = -320 + q. Calculate the remainder when i is divided by (-1)/4 - 42/(-8).
1
Let d(j) = -j**3 + 20*j**2 - 23*j + 117. What is the remainder when d(5) is divided by 142?
93
Let h = -2486 + 2524. Suppose 3*s = 0, -p - 4*s + 134 = s. What is the remainder when p is divided by h?
20
Let t(q) = -121*q**3 - 2*q**2 + 66*q + 67. What is the remainder when 592 is divided by t(-1)?
112
Suppose -17 = -2*h + 11. Suppose 2*r - 8 = -h. Let c(u) = -3*u + 1. Calculate the remainder when 37 is divided by c(r).
7
What is the remainder when (270467/3377)/(2/44) is divided by 48?
34
Let o(z) = z**3 + 16*z**2 - 17*z + 7. Let y be o(-17). Suppose -2*j + y*j = 25. Let x = j - -6. Calculate the remainder when 35 is divided by x.
2
Calculate the remainder when 195 is divided by (184/(-12))/(142/(-213)).
11
Let l = 70 + -60. Suppose -l + 143 = 7*s. Calculate the remainder when 75 is divided by s.
18
Let f(s) = -31*s - 250. Suppose -6*m = -7*m + 23. Calculate the remainder when f(-10) is divided by m.
14
Let h(m) = 2*m**2 - m - 8. Let q be h(-5). Suppose 0*c - 4*c - b = -q, -5*c = 4*b - 67. What is the remainder when -30 - -31 - (1 - 31) is divided by c?
9
Calculate the remainder when 280 is divided by (-61 - -1)*(-17)/(-14 + 31).
40
Let z(n) = -513*n + 9758. What is the remainder when z(15) is divided by 48?
47
What is the remainder when -10 - 296397/(-45) - (0 - 10/25) is divided by 938?
11
Let y be (-222)/37*226/(-4). Suppose -y - 696 = -5*w. What is the remainder when w is divided by 19?
17
Let h be (260/(-91))/(((-8)/14)/(-2)). Let z(b) = -b**3 - 11*b**2 - 16*b + 11. What is the remainder when z(h) is divided by 18?
17
Suppose 21*i - 17*i = 0. Suppose 23*c - 194 - 36 = i. Suppose -45 = -d + 4*j, -3*j + 133 = 5*d - 0*j. What is the remainder when d is divided by c?
9
Let z be 2 + -6 - 0/(-5). Let p be z + (0 - (1 - 8)). Let a = p - -42. Calculate the remainder when a is divided by 23.
22
Suppose 0 = -i - 4*c - 116, -17*c - 298 = 3*i - 15*c. Calculate the remainder when 282/4 - 8*(-6)/i is divided by 36.
34
Suppose -2*f - 1808 = -1822. Calculate the remainder when 1350 is divided by f.
6
Let o = -1099 + 1266. What is the remainder when 171 is divided by o?
4
Calculate the remainder when 1186 is divided by 15812/295 - 3/5.
20
Suppose 7*w - 2*w = 110. Let t = 35 - w. What is the remainder when t is divided by (3/(-1))/(((-22)/462)/(5/45))?
6
Calculate the remainder when (-30326)/(-11) - (-1)/11 is divided by 24.
21
Let c be ((-128)/(-8))/8 - -6. Let v(m) = 4*m**2 - 31*m + 22. What is the remainder when v(c) is divided by 4?
2
Let a = -16 - -19. Suppose 0 = -v - a*s + 69, -17*s + 16*s = 4*v - 243. What is the remainder when v is divided by 22?
16
Suppose -7 = -n + 9. Let r be 1/(-4)*(-12)/3 - -653. Let h = 717 - r. Calculate the remainder when h is divided by n.
15
Suppose 4*w - 64 = 316*y - 320*y, -w = 2*y - 36. Let n = 71 + -46. What is the remainder when n is divided by y?
5
Let p be (-8)/(-76) + ((-72)/38)/(-1). Suppose -p*i + k = -7*i + 187, 4*i - 5*k - 138 = 0. What is the remainder when 66 is divided by i?
29
Let f(x) = -4*x**2 - 122*x - 8. What is the remainder when f(-23) is divided by 172?
166
Let a = 90 + 71. Suppose 0 = -4*x + 16, 5*j - 4*x = -8*x + a. Calculate the remainder when 52 is divided by j.
23
Suppose 0 = 6*s - 4*s + 56. Let d be (-48)/s*(8/1 + -1). What is the remainder when 52/d*3*(-1 - -4) is divided by 20?
19
Suppose -93*t - 92*t = -32005. Calculate the remainder when 228 is divided by t.
55
Let b(u) = 4*u + 5. Let k = -37 + 42. Suppose k*j + 16 = z, 3*z - 10 = 2*j - 1. What is the remainder when 47 is divided by b(z)?
2
Suppose 0 = -3*y - 0*j + 4*j + 1062, -11*y + 3847 = j. Calculate the remainder when 700 is divided by y.
0
Suppose -11*v - 2036 = -7646. Calculate the remainder when v is divided by 8.
6
What is the remainder when (-29242)/(-1) - (-11 + 20) - (-3 - -8) is divided by 10?
8
Suppose 110*q - 11523 + 2063 = 0. Calculate the remainder when 5588 is divided by q.
84
Let t be (-57)/(-9)*-9 - (0 + 0). What is the remainder when 135 is divided by (-1)/2 - -5*t/(-6)?
41
Let m(j) = -38*j**3 + 4*j**2 - 10*j - 12. Calculate the remainder when 212 is divided by m(-1).
12
Suppose 1 = -3*f - 2*s + 176, -5*s = f - 67. Let k be (-178)/6 + 3/(-9). Calculate the remainder when f is divided by (k/(-8))/((-1)/(-8)).
27
Let b = -74 + 111. Let p = 4163 + -4090. Calculate the remainder when p is divided by b.
36
Let y = -11 + 12. Let f(k) = -14*k + 11. What is the remainder when f(-3) is divided by 0 - -7*-4*y/(-2)?
11
Suppose -16 + 131 = 5*x. Calculate the remainder when (-1364)/(-6) + (18 - (-735)/(-45)) is divided by x.
22
Suppose q - 82 = -m - m, 5*q + 97 = 3*m. Calculate the remainder when 478 is divided by m.
10
Let t(q) = q**3 - 2*q**2 + 235*q + 72. Calculate the remainder when 737 is divided by t(0).
17
Let r = 51095 - 35586. What is the remainder when r is divided by 15?
14
Let y(o) = 13*o + 497. Calculate the remainder when 168 is divided by y(-37).
8
Let q be -3 - -4 - 8/6*-6. Suppose q*z - 39 = 8*z. Suppose 129 = 6*h + z. Calculate the remainder when 44 is divided by h.
14
Let o be (1/2)/((-115)/(-114) + -1). Let y = o + -53. Suppose -y*p + 7 = -53. What is the remainder when 29 is divided by p?
14
Let z(a) = -a + 11. Let u be z(8). Suppose 0 = 5*w - 3*f - 13, w - 5*f = -3*f - u. Suppose 190 = w*o + 5*o. What is the remainder when o is divided by 10?
9
Let o be (-5)/(20/(-2)) - 3308/8. Let s = o - -474. What is the remainder when 365 is divided by s?
60
Let t = 44 + 28. Calculate the remainder when t is divided by (-10 - -1 - -21)*15/10.
0
Let m = 10430 + -10417. Calculate the remainder when 25 is divided by m.
12
Let w = -193 - -342. Let a = 218 + -179. What is the remainder when w is divided by a?
32
Suppose -28 = 6*i + 20. Let k(j) = -j**3 - 4*j**2 + 8*j - 5. What is the remainder when k(i) is divided by 50?
37
Suppose 6*j - 95 = 5*j - 2*l, -4*j - l = -352. Suppose 2*r = -0 + 38. Calculate the remainder when j is divided by r.
11
Suppose 0 = 3*f + 100 - 1375. Let l = -240 + f. What is the remainder when l is divided by 21?
17
Suppose -15 = -3*d - 3*r + 81, -5*r = 10. Suppose 21000 = d*z + 8*z. Calculate the remainder when z is divided by 24.
20
Let f be (4 + -6)/(1 + 1). Let l be f - -1 - 30/(-2). Let v(c) = c**2 - 14*c - 8. Calculate the remainder when 13 is divided by v(l).
6
Let k(n) = n**3 + 6*n**2 + 2*n - 2. Suppose 70950 = 697*f + 1453*f. Calculate the remainder when f is divided by k(-5).
7
Let z(g) = 2*g**2 + 39*g + 34. Let i be z(-21). Let n = 121 - i. What is the remainder when n is divided by 4/2 - (-30)/6?
3
Let p(i) = 6*i**2 + 10*i - 34. Let x be p(-5). Suppose x = 322*q - 316*q. Suppose 0 = l - 0*l - 30. Calculate the remainder when l is divided by q.
8
What is the remainder when 23 + (-7 - -3)/2 is divided by ((-22)/4)/((-437)/(-46) + -10)?
10
Let c = 1 - -4. Suppose 23 = 4*a - c. Let m(t) = 13*t - 24. What is the remainder when m(3) is divided by a?
1
Suppose -6064 = -2599*z + 2544*z + 2351. What is the remainder when 909 is divided by z?
144
Let h = -178 + 205. Suppose -17 + 349 = 4*f. Calculate the remainder when f is divided by ((-36)/h)/((-4)/42).
13
Suppose -2*j = 5*q + 29 - 92, 4*q - 2*j = 36. Suppose -10*x - 90 = -q*x. Calculate the remainder when 280 is divided by x.
10
Let g = 26 + -26. Suppose 5*a - 4*b - 376 = g, a + a - 155 = -3*b. Calculate the remainder when 225 is divided by a.
73
Let i = -10250 + 10326. What is the remainder when 598 is divided by i?
66
Let p(r) = -r**3 + 3*r**2 - r + 2. Let x be p(2). Suppose 0 = -x*a + 30 + 26. Let w(m) = 3*m**2 + 7*m + 29. Calculate the remainder when w(-5) is divided by a.
13
Suppose -82*g + 2413 + 2015 = 0. Calculate the remainder when 263 is divided by g.
47
Let d be 52/8 + (-5)/(-10). Suppose 6*t = d*t - 23. What is the remainder when 68 is divided by t?
22
Suppose -6*y = 82 - 268. Suppose 2*b + 4*z = 182, -19*b + 16*b - 2*z = -2